[INFO] fetching crate nameless 0.13.0...
[INFO] checking nameless-0.13.0 against master#9610dfe5a9a731ced1ea4923ecbd0c57fe367898 for beta-170-4
[INFO] extracting crate nameless 0.13.0 into /workspace/builds/worker-5-tc1/source
[INFO] validating manifest of crates.io crate nameless 0.13.0 on toolchain 9610dfe5a9a731ced1ea4923ecbd0c57fe367898
[INFO] running `Command { std: CARGO_HOME="/workspace/cargo-home" RUSTUP_HOME="/workspace/rustup-home" "/workspace/cargo-home/bin/cargo" "+9610dfe5a9a731ced1ea4923ecbd0c57fe367898" "metadata" "--manifest-path" "Cargo.toml" "--no-deps", kill_on_drop: false }`
[INFO] started tweaking crates.io crate nameless 0.13.0
[INFO] finished tweaking crates.io crate nameless 0.13.0
[INFO] tweaked toml for crates.io crate nameless 0.13.0 written to /workspace/builds/worker-5-tc1/source/Cargo.toml
[INFO] crate crates.io crate nameless 0.13.0 already has a lockfile, it will not be regenerated
[INFO] running `Command { std: CARGO_HOME="/workspace/cargo-home" RUSTUP_HOME="/workspace/rustup-home" "/workspace/cargo-home/bin/cargo" "+9610dfe5a9a731ced1ea4923ecbd0c57fe367898" "fetch" "--manifest-path" "Cargo.toml", kill_on_drop: false }`
[INFO] [stderr]     Updating crates.io index
[INFO] [stderr]  Downloading crates ...
[INFO] [stderr]   Downloaded char-device v0.16.1
[INFO] [stderr]   Downloaded basic-text-literals v0.17.0
[INFO] [stderr]   Downloaded io-arrays v0.12.2
[INFO] [stderr]   Downloaded terminfo v0.7.5
[INFO] [stderr]   Downloaded basic-text-internals v0.17.0
[INFO] [stderr]   Downloaded nameless-clap v3.0.0-beta.2.2
[INFO] [stderr]   Downloaded ssh2 v0.9.4
[INFO] [stderr]   Downloaded nameless-clap_derive v3.0.0-beta.2.2
[INFO] [stderr]   Downloaded terminal-io v0.18.0
[INFO] [stderr]   Downloaded layered-io v0.21.0
[INFO] [stderr]   Downloaded basic-text v0.17.0
[INFO] [stderr]   Downloaded utf8-io v0.17.0
[INFO] [stderr]   Downloaded libssh2-sys v0.3.0
[INFO] running `Command { std: "docker" "create" "-v" "/var/lib/crater-agent-workspace/builds/worker-5-tc1/target:/opt/rustwide/target:rw,Z" "-v" "/var/lib/crater-agent-workspace/builds/worker-5-tc1/source:/opt/rustwide/workdir:ro,Z" "-v" "/var/lib/crater-agent-workspace/cargo-home:/opt/rustwide/cargo-home:ro,Z" "-v" "/var/lib/crater-agent-workspace/rustup-home:/opt/rustwide/rustup-home:ro,Z" "-e" "SOURCE_DIR=/opt/rustwide/workdir" "-e" "CARGO_TARGET_DIR=/opt/rustwide/target" "-e" "CARGO_HOME=/opt/rustwide/cargo-home" "-e" "RUSTUP_HOME=/opt/rustwide/rustup-home" "-w" "/opt/rustwide/workdir" "-m" "1610612736" "--user" "0:0" "--network" "none" "ghcr.io/rust-lang/crates-build-env/linux@sha256:5ff2268d62e97bff2cde7d5815dd6ed5b47097566f13b8d0ca110b04b60e07ed" "/opt/rustwide/cargo-home/bin/cargo" "+9610dfe5a9a731ced1ea4923ecbd0c57fe367898" "metadata" "--no-deps" "--format-version=1", kill_on_drop: false }`
[INFO] [stdout] 8312cc3845672d2cc57cb83c3eb9dbd82580e8063cf90b4c512529bd8f7bacaa
[INFO] running `Command { std: "docker" "start" "-a" "8312cc3845672d2cc57cb83c3eb9dbd82580e8063cf90b4c512529bd8f7bacaa", kill_on_drop: false }`
[INFO] running `Command { std: "docker" "inspect" "8312cc3845672d2cc57cb83c3eb9dbd82580e8063cf90b4c512529bd8f7bacaa", kill_on_drop: false }`
[INFO] running `Command { std: "docker" "rm" "-f" "8312cc3845672d2cc57cb83c3eb9dbd82580e8063cf90b4c512529bd8f7bacaa", kill_on_drop: false }`
[INFO] [stdout] 8312cc3845672d2cc57cb83c3eb9dbd82580e8063cf90b4c512529bd8f7bacaa
[INFO] running `Command { std: "docker" "create" "-v" "/var/lib/crater-agent-workspace/builds/worker-5-tc1/target:/opt/rustwide/target:rw,Z" "-v" "/var/lib/crater-agent-workspace/builds/worker-5-tc1/source:/opt/rustwide/workdir:ro,Z" "-v" "/var/lib/crater-agent-workspace/cargo-home:/opt/rustwide/cargo-home:ro,Z" "-v" "/var/lib/crater-agent-workspace/rustup-home:/opt/rustwide/rustup-home:ro,Z" "-e" "SOURCE_DIR=/opt/rustwide/workdir" "-e" "CARGO_TARGET_DIR=/opt/rustwide/target" "-e" "CARGO_INCREMENTAL=0" "-e" "RUST_BACKTRACE=full" "-e" "RUSTFLAGS=--cap-lints=forbid" "-e" "RUSTDOCFLAGS=--cap-lints=forbid" "-e" "CARGO_HOME=/opt/rustwide/cargo-home" "-e" "RUSTUP_HOME=/opt/rustwide/rustup-home" "-w" "/opt/rustwide/workdir" "-m" "1610612736" "--user" "0:0" "--network" "none" "ghcr.io/rust-lang/crates-build-env/linux@sha256:5ff2268d62e97bff2cde7d5815dd6ed5b47097566f13b8d0ca110b04b60e07ed" "/opt/rustwide/cargo-home/bin/cargo" "+9610dfe5a9a731ced1ea4923ecbd0c57fe367898" "check" "--frozen" "--all" "--all-targets" "--message-format=json", kill_on_drop: false }`
[INFO] [stdout] 4450768781aca734ca48583404a89d62ce6be3abacccbddeaced9cd1dd2dbcf0
[INFO] running `Command { std: "docker" "start" "-a" "4450768781aca734ca48583404a89d62ce6be3abacccbddeaced9cd1dd2dbcf0", kill_on_drop: false }`
[INFO] [stderr]    Compiling libc v0.2.140
[INFO] [stderr]    Compiling version_check v0.9.4
[INFO] [stderr]     Checking once_cell v1.17.1
[INFO] [stderr]    Compiling cc v1.0.79
[INFO] [stderr]    Compiling io-lifetimes v1.0.9
[INFO] [stderr]     Checking bitflags v1.3.2
[INFO] [stderr]    Compiling rustix v0.37.4
[INFO] [stderr]    Compiling autocfg v1.1.0
[INFO] [stderr]     Checking linux-raw-sys v0.3.0
[INFO] [stderr]     Checking itoa v1.0.6
[INFO] [stderr]    Compiling proc-macro2 v1.0.54
[INFO] [stderr]    Compiling io-extras v0.17.2
[INFO] [stderr]    Compiling unicode-ident v1.0.8
[INFO] [stderr]    Compiling quote v1.0.26
[INFO] [stderr]     Checking cfg-if v1.0.0
[INFO] [stderr]    Compiling pkg-config v0.3.26
[INFO] [stderr]    Compiling rand_core v0.6.4
[INFO] [stderr]    Compiling siphasher v0.3.10
[INFO] [stderr]    Compiling memchr v2.5.0
[INFO] [stderr]    Compiling rand v0.8.5
[INFO] [stderr]    Compiling socketpair v0.19.1
[INFO] [stderr]    Compiling phf_shared v0.11.1
[INFO] [stderr]    Compiling char-device v0.16.1
[INFO] [stderr]    Compiling nom v5.1.2
[INFO] [stderr]    Compiling phf_generator v0.11.1
[INFO] [stderr]    Compiling phf_codegen v0.11.1
[INFO] [stderr]    Compiling ring v0.16.20
[INFO] [stderr]    Compiling openssl-sys v0.9.83
[INFO] [stderr]    Compiling libz-sys v1.1.8
[INFO] [stderr]    Compiling syn v2.0.11
[INFO] [stderr]     Checking phf v0.11.1
[INFO] [stderr]    Compiling terminfo v0.7.5
[INFO] [stderr]     Checking os_pipe v1.1.3
[INFO] [stderr]     Checking dirs-sys v0.3.7
[INFO] [stderr]     Checking dirs v4.0.0
[INFO] [stderr]    Compiling lock_api v0.4.9
[INFO] [stderr]    Compiling syn v1.0.109
[INFO] [stderr]    Compiling thiserror v1.0.40
[INFO] [stderr]     Checking fnv v1.0.7
[INFO] [stderr]    Compiling parking_lot_core v0.8.6
[INFO] [stderr]    Compiling terminal-io v0.18.0
[INFO] [stderr]     Checking tinyvec_macros v0.1.1
[INFO] [stderr]     Checking tinyvec v1.6.0
[INFO] [stderr]    Compiling libssh2-sys v0.3.0
[INFO] [stderr]     Checking instant v0.1.12
[INFO] [stderr]    Compiling unicase v2.6.0
[INFO] [stderr]    Compiling layered-io v0.21.0
[INFO] [stderr]     Checking untrusted v0.7.1
[INFO] [stderr]     Checking smallvec v1.10.0
[INFO] [stderr]     Checking scopeguard v1.1.0
[INFO] [stderr]     Checking spin v0.5.2
[INFO] [stderr]     Checking unicode-normalization v0.1.22
[INFO] [stderr]    Compiling proc-macro-error-attr v1.0.4
[INFO] [stderr]     Checking ambient-authority v0.0.1
[INFO] [stderr]     Checking duplex v0.16.0
[INFO] [stderr]    Compiling cap-primitives v1.0.9
[INFO] [stderr]     Checking fs-set-times v0.19.0
[INFO] [stderr]    Compiling thiserror-impl v1.0.40
[INFO] [stderr]     Checking parking_lot v0.11.2
[INFO] [stderr]    Compiling proc-macro-error v1.0.4
[INFO] [stderr]    Compiling system-interface v0.25.5
[INFO] [stderr]    Compiling log v0.4.17
[INFO] [stderr]     Checking ipnet v2.7.2
[INFO] [stderr]     Checking maybe-owned v0.3.4
[INFO] [stderr]    Compiling cap-std v1.0.9
[INFO] [stderr]     Checking webpki v0.22.0
[INFO] [stderr]    Compiling indexmap v1.9.3
[INFO] [stderr]    Compiling io-streams v0.14.3
[INFO] [stderr]    Compiling unicode-segmentation v1.10.1
[INFO] [stderr]     Checking unicode-bidi v0.3.13
[INFO] [stderr]     Checking percent-encoding v2.2.0
[INFO] [stderr]    Compiling crc32fast v1.3.2
[INFO] [stderr]    Compiling cap-fs-ext v1.0.9
[INFO] [stderr]    Compiling rustls v0.20.8
[INFO] [stderr]     Checking idna v0.3.0
[INFO] [stderr]    Compiling heck v0.3.3
[INFO] [stderr]     Checking form_urlencoded v1.1.0
[INFO] [stderr]    Compiling basic-text-internals v0.17.0
[INFO] [stderr]    Compiling mime_guess v2.0.4
[INFO] [stderr]     Checking sct v0.7.0
[INFO] [stderr]    Compiling anyhow v1.0.70
[INFO] [stderr]     Checking parking v2.0.0
[INFO] [stderr]     Checking adler v1.0.2
[INFO] [stderr]     Checking unicode-width v0.1.10
[INFO] [stderr]    Compiling io-arrays v0.12.2
[INFO] [stderr]    Compiling basic-text v0.17.0
[INFO] [stderr]     Checking hashbrown v0.12.3
[INFO] [stderr]     Checking miniz_oxide v0.6.2
[INFO] [stderr]     Checking textwrap v0.14.2
[INFO] [stderr]     Checking url v2.3.1
[INFO] [stderr]     Checking utf8-io v0.17.0
[INFO] [stderr]     Checking webpki-roots v0.22.6
[INFO] [stderr]     Checking is-terminal v0.4.6
[INFO] [stderr]     Checking encoding_rs v0.8.32
[INFO] [stderr]     Checking ssh2 v0.9.4
[INFO] [stderr]     Checking base64 v0.13.1
[INFO] [stderr]     Checking strsim v0.10.0
[INFO] [stderr]     Checking lazy_static v1.4.0
[INFO] [stderr]     Checking mime v0.3.17
[INFO] [stderr]     Checking vec_map v0.8.2
[INFO] [stderr]     Checking os_str_bytes v3.1.0
[INFO] [stderr]     Checking termcolor v1.2.0
[INFO] [stderr]    Compiling nameless v0.13.0 (/opt/rustwide/workdir)
[INFO] [stderr]     Checking flate2 v1.0.25
[INFO] [stderr]     Checking aho-corasick v0.7.20
[INFO] [stderr]     Checking shell-words v1.1.0
[INFO] [stderr]     Checking data-url v0.2.0
[INFO] [stderr]     Checking either v1.8.1
[INFO] [stderr]    Compiling nameless-clap_derive v3.0.0-beta.2.2
[INFO] [stderr]    Compiling basic-text-literals v0.17.0
[INFO] [stderr]     Checking whoami v1.4.0
[INFO] [stderr]     Checking regex-syntax v0.6.29
[INFO] [stderr]     Checking itertools v0.10.5
[INFO] [stderr]     Checking humantime v2.1.0
[INFO] [stderr]     Checking ureq v2.6.2
[INFO] [stderr]     Checking nameless-clap v3.0.0-beta.2.2
[INFO] [stderr]     Checking regex v1.7.3
[INFO] [stdout] error[E0433]: failed to resolve: use of undeclared crate or module `kommand`
[INFO] [stdout]   --> examples/sleep.rs:11:3
[INFO] [stdout]    |
[INFO] [stdout] 11 | #[kommand::main]
[INFO] [stdout]    |   ^^^^^^^ use of undeclared crate or module `kommand`
[INFO] [stdout] 
[INFO] [stdout] 
[INFO] [stdout] error[E0433]: failed to resolve: use of undeclared crate or module `kommand`
[INFO] [stdout]   --> examples/text-cat.rs:11:3
[INFO] [stdout]    |
[INFO] [stdout] 11 | #[kommand::main]
[INFO] [stdout]    |   ^^^^^^^ use of undeclared crate or module `kommand`
[INFO] [stdout] 
[INFO] [stdout] 
[INFO] [stdout] error[E0433]: failed to resolve: use of undeclared crate or module `kommand`
[INFO] [stdout]   --> examples/grep.rs:14:3
[INFO] [stdout]    |
[INFO] [stdout] 14 | #[kommand::main]
[INFO] [stdout]    |   ^^^^^^^ use of undeclared crate or module `kommand`
[INFO] [stdout] 
[INFO] [stdout] 
[INFO] [stdout] error[E0433]: failed to resolve: use of undeclared crate or module `kommand`
[INFO] [stdout]   --> examples/repl.rs:47:3
[INFO] [stdout]    |
[INFO] [stdout] 47 | #[kommand::main]
[INFO] [stdout]    |   ^^^^^^^ use of undeclared crate or module `kommand`
[INFO] [stdout] 
[INFO] [stdout] 
[INFO] [stdout] error[E0433]: failed to resolve: use of undeclared crate or module `kommand`
[INFO] [stdout]   --> examples/copy.rs:11:3
[INFO] [stdout]    |
[INFO] [stdout] 11 | #[kommand::main]
[INFO] [stdout]    |   ^^^^^^^ use of undeclared crate or module `kommand`
[INFO] [stdout] 
[INFO] [stdout] 
[INFO] [stdout] error[E0580]: `main` function has wrong type
[INFO] [stdout]   --> examples/sleep.rs:12:1
[INFO] [stdout]    |
[INFO] [stdout] 12 | fn main(duration: Duration) {
[INFO] [stdout]    | ^^^^^^^^^^^^^^^^^^^^^^^^^^^ incorrect number of function parameters
[INFO] [stdout]    |
[INFO] [stdout]    = note: expected fn pointer `fn()`
[INFO] [stdout]               found fn pointer `fn(humantime::Duration)`
[INFO] [stdout] 
[INFO] [stdout] 
[INFO] [stdout] error: aborting due to 2 previous errors
[INFO] [stdout] 
[INFO] [stdout] 
[INFO] [stdout] Some errors have detailed explanations: E0433, E0580.
[INFO] [stdout] 
[INFO] [stdout] error[E0580]: `main` function has wrong type
[INFO] [stdout]   --> examples/copy.rs:12:1
[INFO] [stdout]    |
[INFO] [stdout] 12 | fn main(mut input: InputByteStream, mut output: OutputByteStream) -> anyhow::Result<()> {
[INFO] [stdout]    | ^^^^^^^^^^^^^^^^^^^^^^^^^^^^^^^^^^^^^^^^^^^^^^^^^^^^^^^^^^^^^^^^^^^^^^^^^^^^^^^^^^^^^^^ incorrect number of function parameters
[INFO] [stdout]    |
[INFO] [stdout]    = note: expected fn pointer `fn() -> Result<_, _>`
[INFO] [stdout]               found fn pointer `fn(InputByteStream, OutputByteStream) -> Result<_, _>`
[INFO] [stdout] 
[INFO] [stdout] 
[INFO] [stdout] For more information about an error, try `rustc --explain E0433`.
[INFO] [stdout] 
[INFO] [stdout] error: aborting due to 2 previous errors
[INFO] [stdout] 
[INFO] [stdout] 
[INFO] [stdout] Some errors have detailed explanations: E0433, E0580.
[INFO] [stdout] 
[INFO] [stdout] For more information about an error, try `rustc --explain E0433`.
[INFO] [stdout] 
[INFO] [stdout] error: cannot find attribute `kommand` in this scope
[INFO] [stdout]   --> examples/grep.rs:19:7
[INFO] [stdout]    |
[INFO] [stdout] 19 |     #[kommand(short = 'l', long)] inputs_with_matches: bool,
[INFO] [stdout]    |       ^^^^^^^
[INFO] [stdout] 
[INFO] [stdout] 
[INFO] [stdout] error[E0580]: `main` function has wrong type
[INFO] [stdout]   --> examples/text-cat.rs:12:1
[INFO] [stdout]    |
[INFO] [stdout] 12 | fn main(output: LazyOutput<OutputTextStream>, inputs: Vec<InputTextStream>) -> anyhow::Result<()> {
[INFO] [stdout]    | ^^^^^^^^^^^^^^^^^^^^^^^^^^^^^^^^^^^^^^^^^^^^^^^^^^^^^^^^^^^^^^^^^^^^^^^^^^^^^^^^^^^^^^^^^^^^^^^^^ incorrect number of function parameters
[INFO] [stdout]    |
[INFO] [stdout]    = note: expected fn pointer `fn() -> Result<_, _>`
[INFO] [stdout]               found fn pointer `fn(LazyOutput<OutputTextStream>, Vec<InputTextStream>) -> Result<_, _>`
[INFO] [stdout] 
[INFO] [stdout] 
[INFO] [stderr] error: could not compile `nameless` (example "sleep") due to 3 previous errors
[INFO] [stderr] warning: build failed, waiting for other jobs to finish...
[INFO] [stderr] error: could not compile `nameless` (example "copy") due to 3 previous errors
[INFO] [stdout] error: aborting due to 2 previous errors
[INFO] [stdout] 
[INFO] [stdout] 
[INFO] [stdout] Some errors have detailed explanations: E0433, E0580.
[INFO] [stdout] 
[INFO] [stdout] For more information about an error, try `rustc --explain E0433`.
[INFO] [stdout] 
[INFO] [stdout] error[E0580]: `main` function has wrong type
[INFO] [stdout]   --> examples/repl.rs:48:1
[INFO] [stdout]    |
[INFO] [stdout] 48 | fn main(io: InteractiveTextStream) -> anyhow::Result<()> {
[INFO] [stdout]    | ^^^^^^^^^^^^^^^^^^^^^^^^^^^^^^^^^^^^^^^^^^^^^^^^^^^^^^^^ incorrect number of function parameters
[INFO] [stdout]    |
[INFO] [stdout]    = note: expected fn pointer `fn() -> Result<_, _>`
[INFO] [stdout]               found fn pointer `fn(InteractiveTextStream) -> Result<_, _>`
[INFO] [stdout] 
[INFO] [stdout] 
[INFO] [stderr] error: could not compile `nameless` (example "text-cat") due to 3 previous errors
[INFO] [stdout] error[E0433]: failed to resolve: use of undeclared crate or module `kommand`
[INFO] [stdout]   --> examples/basic.rs:22:3
[INFO] [stdout]    |
[INFO] [stdout] 22 | #[kommand::main]
[INFO] [stdout]    |   ^^^^^^^ use of undeclared crate or module `kommand`
[INFO] [stdout] 
[INFO] [stdout] 
[INFO] [stdout] error: aborting due to 2 previous errors
[INFO] [stdout] 
[INFO] [stdout] 
[INFO] [stdout] Some errors have detailed explanations: E0433, E0580.
[INFO] [stdout] 
[INFO] [stdout] For more information about an error, try `rustc --explain E0433`.
[INFO] [stdout] 
[INFO] [stdout] error[E0580]: `main` function has wrong type
[INFO] [stdout]   --> examples/grep.rs:15:1
[INFO] [stdout]    |
[INFO] [stdout] 15 | / fn main(
[INFO] [stdout] 16 | |     pattern: Regex,
[INFO] [stdout] 17 | |     output: LazyOutput<OutputTextStream>,
[INFO] [stdout] 18 | |     inputs: Vec<InputTextStream>,
[INFO] [stdout] 19 | |     #[kommand(short = 'l', long)] inputs_with_matches: bool,
[INFO] [stdout] 20 | | ) -> anyhow::Result<()> {
[INFO] [stdout]    | |_______________________^ incorrect number of function parameters
[INFO] [stdout]    |
[INFO] [stdout]    = note: expected fn pointer `fn() -> Result<_, _>`
[INFO] [stdout]               found fn pointer `fn(regex::Regex, LazyOutput<OutputTextStream>, Vec<InputTextStream>, bool) -> Result<_, _>`
[INFO] [stdout] 
[INFO] [stdout] 
[INFO] [stdout] error[E0433]: failed to resolve: use of undeclared crate or module `kommand`
[INFO] [stdout]   --> examples/repl-client.rs:11:3
[INFO] [stdout]    |
[INFO] [stdout] 11 | #[kommand::main]
[INFO] [stdout]    |   ^^^^^^^ use of undeclared crate or module `kommand`
[INFO] [stdout] 
[INFO] [stdout] 
[INFO] [stdout] error: aborting due to 3 previous errors
[INFO] [stdout] 
[INFO] [stdout] 
[INFO] [stdout] Some errors have detailed explanations: E0433, E0580.
[INFO] [stdout] 
[INFO] [stdout] For more information about an error, try `rustc --explain E0433`.
[INFO] [stdout] 
[INFO] [stderr] error: could not compile `nameless` (example "repl") due to 3 previous errors
[INFO] [stderr] error: could not compile `nameless` (example "grep") due to 4 previous errors
[INFO] [stdout] error: cannot find attribute `kommand` in this scope
[INFO] [stdout]   --> examples/basic.rs:26:7
[INFO] [stdout]    |
[INFO] [stdout] 26 |     #[kommand(short, long)] debug: bool,
[INFO] [stdout]    |       ^^^^^^^
[INFO] [stdout] 
[INFO] [stdout] 
[INFO] [stdout] error: cannot find attribute `kommand` in this scope
[INFO] [stdout]   --> examples/basic.rs:28:7
[INFO] [stdout]    |
[INFO] [stdout] 28 |     #[kommand(short, long, parse(from_occurrences))] verbose: u8,
[INFO] [stdout]    |       ^^^^^^^
[INFO] [stdout] 
[INFO] [stdout] 
[INFO] [stdout] error: cannot find attribute `kommand` in this scope
[INFO] [stdout]   --> examples/basic.rs:29:7
[INFO] [stdout]    |
[INFO] [stdout] 29 |     #[kommand(short, long, default_value = "42")] speed: f64,
[INFO] [stdout]    |       ^^^^^^^
[INFO] [stdout] 
[INFO] [stdout] 
[INFO] [stdout] error: cannot find attribute `kommand` in this scope
[INFO] [stdout]   --> examples/basic.rs:30:7
[INFO] [stdout]    |
[INFO] [stdout] 30 |     #[kommand(short, long)] output: OutputByteStream,
[INFO] [stdout]    |       ^^^^^^^
[INFO] [stdout] 
[INFO] [stdout] 
[INFO] [stdout] error: cannot find attribute `kommand` in this scope
[INFO] [stdout]   --> examples/basic.rs:32:7
[INFO] [stdout]    |
[INFO] [stdout] 32 |     #[kommand(short = 'c', long)] nb_cars: Option<i32>,
[INFO] [stdout]    |       ^^^^^^^
[INFO] [stdout] 
[INFO] [stdout] 
[INFO] [stdout] error: cannot find attribute `kommand` in this scope
[INFO] [stdout]   --> examples/basic.rs:33:7
[INFO] [stdout]    |
[INFO] [stdout] 33 |     #[kommand(short, long)] level: Vec<String>,
[INFO] [stdout]    |       ^^^^^^^
[INFO] [stdout] 
[INFO] [stdout] 
[INFO] [stdout] error[E0580]: `main` function has wrong type
[INFO] [stdout]   --> examples/repl-client.rs:12:1
[INFO] [stdout]    |
[INFO] [stdout] 12 | fn main(io: InteractiveTextStream) -> anyhow::Result<()> {
[INFO] [stdout]    | ^^^^^^^^^^^^^^^^^^^^^^^^^^^^^^^^^^^^^^^^^^^^^^^^^^^^^^^^ incorrect number of function parameters
[INFO] [stdout]    |
[INFO] [stdout]    = note: expected fn pointer `fn() -> Result<_, _>`
[INFO] [stdout]               found fn pointer `fn(InteractiveTextStream) -> Result<_, _>`
[INFO] [stdout] 
[INFO] [stdout] 
[INFO] [stdout] error: cannot find attribute `kommand` in this scope
[INFO] [stdout]   --> examples/basic.rs:34:7
[INFO] [stdout]    |
[INFO] [stdout] 34 |     #[kommand(name = "INPUT")] inputs: Vec<InputByteStream>,
[INFO] [stdout]    |       ^^^^^^^
[INFO] [stdout] 
[INFO] [stdout] 
[INFO] [stdout] error: aborting due to 2 previous errors
[INFO] [stdout] 
[INFO] [stdout] 
[INFO] [stdout] Some errors have detailed explanations: E0433, E0580.
[INFO] [stdout] 
[INFO] [stdout] For more information about an error, try `rustc --explain E0433`.
[INFO] [stdout] 
[INFO] [stderr] error: could not compile `nameless` (example "repl-client") due to 3 previous errors
[INFO] [stdout] error[E0580]: `main` function has wrong type
[INFO] [stdout]   --> examples/basic.rs:23:1
[INFO] [stdout]    |
[INFO] [stdout] 23 | / fn main(
[INFO] [stdout] 24 | |     // A flag, true if used in the command line. The name of the argument will be,
[INFO] [stdout] 25 | |     // by default, based on the name of the field.
[INFO] [stdout] 26 | |     #[kommand(short, long)] debug: bool,
[INFO] [stdout] ...  |
[INFO] [stdout] 34 | |     #[kommand(name = "INPUT")] inputs: Vec<InputByteStream>,
[INFO] [stdout] 35 | | ) {
[INFO] [stdout]    | |_^ incorrect number of function parameters
[INFO] [stdout]    |
[INFO] [stdout]    = note: expected fn pointer `fn()`
[INFO] [stdout]               found fn pointer `fn(bool, u8, f64, OutputByteStream, Option<i32>, Vec<String>, Vec<InputByteStream>)`
[INFO] [stdout] 
[INFO] [stdout] 
[INFO] [stdout] error: aborting due to 9 previous errors
[INFO] [stdout] 
[INFO] [stdout] 
[INFO] [stdout] Some errors have detailed explanations: E0433, E0580.
[INFO] [stdout] 
[INFO] [stdout] For more information about an error, try `rustc --explain E0433`.
[INFO] [stdout] 
[INFO] [stderr] error: could not compile `nameless` (example "basic") due to 10 previous errors
[INFO] running `Command { std: "docker" "inspect" "4450768781aca734ca48583404a89d62ce6be3abacccbddeaced9cd1dd2dbcf0", kill_on_drop: false }`
[INFO] running `Command { std: "docker" "rm" "-f" "4450768781aca734ca48583404a89d62ce6be3abacccbddeaced9cd1dd2dbcf0", kill_on_drop: false }`
[INFO] [stdout] 4450768781aca734ca48583404a89d62ce6be3abacccbddeaced9cd1dd2dbcf0
